*i + 5. Let q be z(-6). List the prime factors of ((-1694)/(-4) - q)/((-39)/(-52)).
2, 283
Let a(y) = -2*y**3 + 19*y**2 + 13*y - 3. Let o(j) = j**2 - 11*j + 19. Let c be o(10). What are the prime factors of a(c)?
3, 5, 13
Let x(i) be the third derivative of 0*i + 131/6*i**3 + 0 - 1/24*i**4 + 31*i**2. What are the prime factors of x(0)?
131
Suppose 0 = -3*g + d + 1328, -1324 = -12*g + 9*g + 5*d. Let l = 114 + g. List the prime factors of l.
557
Suppose 7*x + 1448 = -491. Let f = 348 + x. List the prime factors of f.
71
Suppose 0*i + 1580 = 2*i. Suppose -1625 = -2*f - 3*u, -4*f = -3*f - 3*u - i. Suppose -867 = -11*p + f. What are the prime factors of p?
2, 19
Suppose 69312 = -1974*s + 1998*s. List the prime factors of s.
2, 19
Suppose -2*q - 23405 - 769 = -4*r, 2*r = 4*q + 12084. What are the prime factors of r?
2, 1511
Let o = 32 - 33. Let n be (-4*(1 - 4)/3)/o. What are the prime factors of n/((-4)/(-2)) - 1152/(-18)?
2, 31
Let h be 112 + ((-8)/(-20))/((-3)/15). Let u = h - 125. Let z = u - -23. List the prime factors of z.
2
Suppose -4*w - f + 127047 - 39263 = 0, -3*w + 65829 = 3*f. What are the prime factors of w?
17, 1291
Let j = 15 + -10. Suppose 12*l - 13*l = 1, -18 = -4*f + 2*l. Suppose -f*h = -j*h + 224. What are the prime factors of h?
2, 7
Suppose 0 = -5*y + 2*z - 20, 8*y = 13*y - 3*z + 25. Let r be -2 + ((-48)/(-40))/(y/(-5)). What are the prime factors of (-36)/(-4)*(30 - r)?
3, 29
Suppose -69*m + 3791734 - 1562951 = -1726504. What are the prime factors of m?
7, 19, 431
Let p = -290 - -331. Let i = p + 689. List the prime factors of i.
2, 5, 73
Let g(o) = 25*o**2 - o + 1. Let i be g(1). Suppose i*h - 180 = 20*h. List the prime factors of (2 - -3)*-4*h/(-15).
2, 3
Let w = 430 + -220. Let u = 22 - 18. What are the prime factors of 6/u + w/4?
2, 3
Let y be (3 - (-5 - 4))*(-2)/(-4). Let z be y/(-8 + -10) - 26/(-6). Suppose 2*o - o - 299 = 2*l, 0 = z*l + 12. What are the prime factors of o?
293
Let k = -696 - -760. Suppose 330 = 66*f - k*f. What are the prime factors of f?
3, 5, 11
Let j be 18939/1121 + (-4)/(-38). Suppose 12*m - j*m + 2120 = 0. What are the prime factors of m?
2, 53
Let c be (-3 + 2)/(1/3) + 679. Suppose -2*t + c = -3*m, 3*t - 214 - 803 = 3*m. What are the prime factors of t?
11, 31
Suppose -s = -q - 3743, -3*s - q + 2598 = -8611. Suppose 234*a = 227*a + s. What are the prime factors of a?
2, 3, 89
Suppose -35*o + 1622246 - 464341 = 0. List the prime factors of o.
33083
Suppose -u + 5*q = 468, 2*u = -3*u - 5*q - 2430. Let a = -95 - u. List the prime factors of a.
2, 97
Let d = 7619 - 3675. List the prime factors of d.
2, 17, 29
Suppose 5*d - 41445 = 2*s - 116577, -3*d - 37570 = -s. What are the prime factors of s?
2, 18773
Let r = 165 + 2876. List the prime factors of r.
3041
Let m(q) be the second derivative of 5*q**4/12 - 4*q**3/3 - 3*q**2 - 125*q. Suppose -w - 3*w - 12 = 0. List the prime factors of m(w).
3, 7
Let y(h) = h**2 + h + 7. Suppose -o = -0*l + l - 2, -4*l = -4*o + 8. Suppose -2*v - 22 = o*v + 3*d, 19 = -3*v - d. List the prime factors of y(v).
7
Let o(i) = -9*i**3 + 8*i**2 - 8*i - 307. What are the prime factors of o(-21)?
2, 31, 1399
Suppose 5*g - 5 = 4*g. Let m = 14 - 11. Suppose -m*j = -3*l - 144, l + 0*l = g*j - 248. List the prime factors of j.
2, 5
Suppose -134123 = 85*t - 96*t. List the prime factors of t.
89, 137
Suppose 385*w - 340*w - 191070 = 0. List the prime factors of w.
2, 11, 193
Let a = 1 + 4. Suppose a*n + 1710 = 4*q + 5880, 0 = 2*q. What are the prime factors of n?
2, 3, 139
Suppose 0 = 114*h - 119*h + 10. Suppose 5*g + 5*m = 90, h*g + 33 = 4*g + m. What are the prime factors of g?
3, 5
Let l = 32 + -37. Let h(y) = 8 - 9*y + y + 5 - 15*y. List the prime factors of h(l).
2
Let c(z) be the first derivative of 17*z**2 + 28*z + 2 - 2/3*z**3. List the prime factors of c(16).
2, 3, 5
Let q = 6381 + -3362. What are the prime factors of q?
3019
Suppose -25*l + 132831 = -47*l + 31*l. List the prime factors of l.
14759
Let s(p) be the second derivative of -p**4/6 + 21*p**2/2 - 15*p. Let z be s(9). Let j = z + 253. What are the prime factors of j?
2, 7
Suppose 63*j - 138988 = 50264. What are the prime factors of j?
2, 751
Let a(n) = -n**3 + 3*n**2 + 2*n - 2. Let o(q) be the third derivative of q**4/8 - 7*q**3/3 + 6*q**2. Let s be o(4). List the prime factors of a(s).
2, 7
Let f = 51 + -76. Let u = -79 - 18. Let j = f - u. List the prime factors of j.
2, 3
Let f(a) = 129*a - 36. Let r be f(31). Suppose -10718 = -3*d + 4*w, d + 385 - r = 4*w. Suppose 0 = -4*h + 19*h - d. What are the prime factors of h?
2, 7, 17
Let l(q) be the third derivative of q**4/3 + q**3/3 - 9*q**2. Let k be l(5). Let j = -28 + k. What are the prime factors of j?
2, 7
Let x = 1295 - 564. Suppose -o + 2*h + x = 0, -2338 = -2*o + 5*h - 875. List the prime factors of o.
3
Let w(d) = -528*d - 3258. List the prime factors of w(-39).
2, 3, 107
Let q = -87 + 123. Let s = -33 + q. What are the prime factors of s?
3
What are the prime factors of (-44)/(-99) + (-729816)/(-108)?
2, 31, 109
Let l = -855 + 880. Suppose 612 = l*z - 22*z. What are the prime factors of z?
2, 3, 17
Suppose -3*x + 41428 = -7*r + 124643, -23790 = -2*r - 2*x. List the prime factors of r.
2, 5, 29, 41
Suppose -2178 = 22*a - 2288. What are the prime factors of a?
5
Suppose 64*x + 76908 = 76*x. List the prime factors of x.
13, 17, 29
Let t = -13939 + 35193. List the prime factors of t.
2, 10627
Let i = 107158 + -32882. What are the prime factors of i?
2, 31, 599
Let y be 7/2 - 1/2. Suppose -3360 = -524*w + 104*w. Suppose 0 = -2*d - w, 0 = -3*b - 0*d - y*d + 660. What are the prime factors of b?
2, 7
Let g be -539 - 4/(9/9). What are the prime factors of (-1 + 0 + -1)*g/2?
3, 181
Suppose -121152 = -2001*y + 1977*y. What are the prime factors of y?
2, 631
Suppose 12*x = 301 + 155. Suppose 5*n - x = 7. Let q(w) = -w**3 + 9*w**2 + 11*w + 17. List the prime factors of q(n).
2, 29
Let n = 18887 - 5027. What are the prime factors of n?
2, 3, 5, 7, 11
Suppose 0 = -3*m - 9, 77 = 8*k - 10*k - 3*m. Let g(r) = -r**3 - 7*r**2 - 7*r - 2. Let z be g(-5). Let l = z - k. List the prime factors of l.
17
Let b(c) = -2*c**2 - 1. Let v be b(1). Let j be v - 9/(18/(-8)). What are the prime factors of 2 - 1/(j + 344/(-342))?
173
Suppose 0 = -5*a - 15, -21303 = -2*m - 3*a + 8902. List the prime factors of m.
15107
What are the prime factors of 1*-138*-185 + -8 + 4 - -8?
2, 17, 751
Let j(w) = 17*w + 2. Let n be j(4). Suppose -4*i + 42 = -i. Suppose 0 = 12*u - i*u + n. What are the prime factors of u?
5, 7
List the prime factors of (-6)/(-5)*(-1281870)/36*(-11)/11.
3, 14243
Suppose 44815 = 5*b + 65*z - 60*z, -3*b + 4*z + 26917 = 0. List the prime factors of b.
3, 7, 61
What are the prime factors of 7*(1 - 16/14) + 3571?
2, 3, 5, 7, 17
Suppose -2*w - 13 = 3*q, 3*w = w + 4*q - 20. Let p be -1 + (-2404)/w + 2/4. Suppose 5*f = -3*t + 2*f + 330, 0 = -3*t + 3*f + p. List the prime factors of t.
3, 5, 7
Let j be (-1)/((-1)/(-2)) - (-3 + -4). Let a(q) = 3*q**3 + 2*q**2 - 11*q + 6. List the prime factors of a(j).
2, 47
Let f be ((-6)/(-18) + 3)/((-1)/(-120)). Suppose -4*x + f = -1240. Let h = x + -282. What are the prime factors of h?
2
Suppose 1271 = 13*w - 9064. Let h = w - 574. What are the prime factors of h?
13, 17
Let c be 0*(-7)/(-14) - -1086. Let u = c + -745. List the prime factors of u.
11, 31
Let b(j) = j**2 + 12*j + 9. Let v be b(-15). Let i be (276/(-10))/(v/(-10) - -5). Let t = i - 43. What are the prime factors of t?
2, 13
Suppose -5*a + 1 = -44. List the prime factors of ((-249)/a)/(6/(-162)).
3, 83
Let g(i) = -6*i**3 - i**2 - 7. Let o be g(-4). Suppose 3*v - 3*s - o = 134, s = -2. List the prime factors of v.
163
Let u(c) = 9*c**2 + 10*c + 3. Let q(i) = i**3 + 6*i**2 + 8*i + 6. Let z be q(-5). What are the prime factors of u(z)?
2, 3, 107
Let y(h) = -h**3 - 9*h**2 + 89*h + 9. Let l be y(6). Suppose 3*i - r = 83, 4*r = -l*i + 63 + 40. What are the prime factors of i?
29
Let g = -276 + 70. Let o = -176 - g. What are the prime factors of o?
2, 3, 5
Let a = -10152 - -12172. List the prime factors of a.
2, 5, 101
Suppose -290*j = -349*j + 777325. What are the prime factors of j?
5, 17, 31
Suppose 323923 = -243*s + 499256 + 742478. List the prime factors of s.
3, 1259
Suppose 45 = 2*m